). Let p = x + 19. What is the greatest common factor of p and w?
6
Let r(d) = -42*d + 7. Let h be r(0). What is the highest common divisor of 21 and h?
7
Let b(p) = p + 5. Let q be b(-1). Suppose 3*k - 3*c = -0*c + 54, q*c = 5*k - 86. What is the greatest common divisor of 63 and k?
7
Suppose t = -4*s + 6, 9*t + 2*s + 8 = 14*t. What is the greatest common factor of t and 2?
2
Let j(m) = 4*m**2 + 69*m - 401. Let h be j(5). Suppose -38 - 930 = -2*g. Calculate the greatest common divisor of h and g.
44
Let r(k) = -3*k**2 - 20*k + 67. Let o be r(-9). Suppose -6*s - 120 = -s. Let b be -3 - (o + s + 1). What is the highest common factor of b and 24?
8
Let v(u) be the third derivative of -5*u**4/24 - 5*u**3/2 + 11*u**2. Let q be v(-6). What is the greatest common divisor of 3 and q?
3
Suppose -w + 98 = 5. Suppose 5*a = -q + 13, 0 = 4*q - a + 20 - w. What is the greatest common factor of 12 and q?
6
Suppose c = -2*z - 0*z + 133, 5*c + 310 = 5*z. Let q = z - 35. Calculate the highest common factor of q and 6.
6
Suppose 0 = 31*x - 44*x + 442. Suppose -h - y - 14 = -6*h, -3*h + 4*y = -22. What is the greatest common factor of x and h?
2
Let b = -477 + 714. What is the highest common factor of 1027 and b?
79
Let n = 73 + -25. Let k(o) = 11*o - 12. Let v be k(4). Calculate the greatest common divisor of v and n.
16
Let x(m) be the first derivative of -m**2/2 + 12. Let k be x(-6). What is the greatest common factor of k and 66?
6
Suppose 4*r = -r. Suppose r = n + 11 - 22. What is the highest common divisor of n and 11?
11
Let t = -7 - -9. Let i be 40/12*3/t. Suppose -2*g + 41 = i*p, g - 30 = 2*p + 4. Calculate the greatest common factor of 56 and g.
28
Let l(x) = -17*x**3 + 3*x**2 + 2*x + 2. Let w be l(-1). What is the highest common divisor of 95 and w?
5
Let c be (26 + -24)*5*1. Let b be -1 + -3 - (-35 + c). Calculate the greatest common divisor of b and 42.
21
Suppose -3*u = -0*u + 2*y + 101, 5*u + 183 = 4*y. Let q = u + 49. What is the highest common divisor of 98 and q?
14
Let c be -15 + 53 - (1 + 7). Calculate the greatest common factor of 24 and c.
6
Suppose 234 = 4*o - 198. What is the highest common factor of 4 and o?
4
Suppose 448 = u + u. Calculate the greatest common divisor of 14 and u.
14
Let k(t) = 9*t**2 + 16*t + 53. Let b be k(-4). Calculate the greatest common divisor of 323 and b.
19
Let s(h) = -5*h**3 + h**2 + h + 1. Let j be s(-1). Let k = -502 + 506. What is the greatest common factor of j and k?
2
Let i(a) = 8 - 8*a + 4*a + 5*a + 4. Let b be i(-5). What is the greatest common factor of 63 and b?
7
Let w = 258 + -150. What is the highest common divisor of 60 and w?
12
Suppose -5*o - 208 - 467 = -5*t, t + 2*o = 126. Let w be (t/6)/(4 + -2). Calculate the highest common factor of w and 121.
11
Suppose 0 = -3*s - 2*h + 742, 2*s + h = 5*h + 468. Suppose -s = -7*d + 71. What is the greatest common divisor of 315 and d?
45
Let i = -211 - -214. Calculate the greatest common factor of i and 1116.
3
Let o = -406 + 526. Calculate the greatest common divisor of 270 and o.
30
Let x be 2/9 + (-286)/(-9). Suppose 2*w + 3*c = 27, w = 4*w - 4*c - x. What is the greatest common factor of 8 and w?
4
Let m = 760 - 731. What is the greatest common factor of 1421 and m?
29
Let o be 2/8 + (-120)/(-32). Suppose 0 = 5*w - o*l - 159, 5*l + 107 = 3*w + 22. Calculate the highest common divisor of w and 5.
5
Let w(y) = y**3 - 5*y**2 - y + 720. Let h be w(0). Calculate the highest common factor of 32 and h.
16
Let r = 269 + -180. Calculate the greatest common factor of r and 1424.
89
Let r be (-12)/(-36) - 64/(-6). Suppose r = s - 2. Suppose -s = -2*j - 5. Calculate the greatest common factor of 10 and j.
2
Let x(i) = 3*i**2 + i + 1. Let f be x(-1). Let t be f + -81*(-2 + 0). What is the highest common factor of 15 and t?
15
Let h be (6 - (-78)/(-18))/((-2)/(-6)). Suppose -2*a + 379 = a - h*m, -5*a = 2*m - 673. What is the highest common factor of a and 19?
19
Let b be ((-2032)/20)/(16/(-520)). What is the greatest common divisor of b and 26?
26
Suppose 3*b + 102 = 4*y, 8 = -5*b - 2. Let g = -8 + 14. Calculate the greatest common factor of y and g.
6
Let f(p) = -p**3 - 8*p**2 - 10*p + 3. Let y be f(-7). Let b be (-25)/(-10)*(6 - 552/(-20)). Calculate the greatest common factor of y and b.
12
Suppose 0 = -w + 4*w - 72. Suppose -r - 2*r + w = 0. Suppose 4*p - r = 152. Calculate the highest common divisor of 16 and p.
8
Suppose 2*r = 18*r - 256. Suppose -3*l - 2*q = -38, -63 - 22 = -5*l + q. Calculate the greatest common divisor of l and r.
16
Let c(l) = -l**3 + 3*l**2 + 6*l + 6. Let u be c(5). Let z be (-4)/u + (-640)/35. Let j be 36/27*z/(-4). Calculate the highest common factor of 30 and j.
6
Let r(k) = -3*k - 14 + 8 - 8*k - 5*k. Let c be r(-4). Suppose 0 = 2*j + 2*x - 170, -5*j = -2*j - 4*x - 269. What is the highest common factor of c and j?
29
Suppose 4*t = -6*f + 10*f + 500, 0 = 4*t + 2*f - 506. What is the greatest common divisor of t and 441?
63
Let a = -243 + 435. Calculate the highest common factor of 24 and a.
24
Suppose 5*p - 799 = 926. Let g = -74 + p. Let t = g + -136. What is the highest common divisor of t and 27?
27
Let w be -2 + 1 + 0 + 6. Suppose 3*o - w*o + 24 = 0. Let v(x) = -x**3 + 17*x**2 - 55*x + 11. Let q be v(11). What is the greatest common factor of o and q?
12
Let q(p) = -p**2 + 21*p - 97. Let b be q(13). Suppose -7*l + 2*l = -4*f + 13, l = -5*f + 38. Calculate the highest common divisor of b and f.
7
Suppose -800 = -o + 4*z, 0*o - o = 3*z - 772. What is the greatest common factor of o and 32?
16
Let a(v) = 227*v - 268. Let t be a(2). What is the highest common divisor of t and 1767?
93
Let z be 4/(-14) + (-764)/(-28). Suppose 0 = -3*u - 0*u + z. Calculate the greatest common factor of 72 and u.
9
Let l = 33 - -100. Let s(f) = f**2 + 3*f + 1. Let n be s(-6). What is the highest common divisor of l and n?
19
Suppose -63*q = -2947 - 77. What is the highest common divisor of 276 and q?
12
Let p be ((-216)/(-198))/(9/66). Calculate the greatest common divisor of 152 and p.
8
Let r(q) = 4*q**2 + 16*q + 32. Let p be r(-5). What is the greatest common factor of p and 182?
26
Suppose 5*k - 36 = -3*f, -5*k - 5*f + 0*f = -40. Calculate the greatest common factor of 26 and k.
2
Let q be ((-1)/7)/((-2)/14). Let u be (-4 - (1 - q)) + 29. What is the greatest common factor of u and 10?
5
Let b be 75/(-15) - 2 - (-1492)/1. What is the greatest common divisor of b and 165?
165
Suppose -8*u = -13*u - 30. Let z(v) = -2*v**3 - 10*v**2 - 6*v + 12. Let t be z(u). Calculate the greatest common divisor of 20 and t.
20
Let r = 10 - 8. Let n be r/(-11) + 686/22. Suppose -3*p + x = -n - 23, -x = -4*p + 72. What is the greatest common factor of 162 and p?
18
Suppose 2*a = 4*z - 3*a - 22, 5*a = -5*z + 5. Suppose z*t - 453 = -135. Suppose t = 4*d + 30. Calculate the highest common divisor of 38 and d.
19
Let l = 30 - 26. Suppose -3*h + 2*q + 6 = 0, -2*h - q + l*q - 1 = 0. What is the highest common factor of h and 1?
1
Suppose -14*i + 18*i = 8. Suppose -7 = -3*m + 3*f + i*f, -2*f - 10 = -3*m. Suppose 0*d + 176 = 4*d. Calculate the highest common divisor of d and m.
4
Suppose 0 = -20*u - 125 + 625. What is the greatest common factor of 50 and u?
25
Let k(o) = -13*o - 188. Let t be k(-22). What is the highest common divisor of 126 and t?
14
Suppose 0 = -202*o + 160*o + 504. What is the greatest common divisor of o and 132?
12
Suppose 2*k - k + 2*h = 7, 0 = h - 3. Calculate the greatest common factor of k and 11.
1
Suppose 2*s = 5*s, h - 4*s = 312. Calculate the highest common divisor of h and 8.
8
Let l = 282 + -138. Suppose -u - 49*b + 26 = -54*b, b + 82 = 5*u. Calculate the greatest common divisor of u and l.
16
Let d(f) be the first derivative of 33*f**2/2 + 6*f + 15. Let r be d(5). What is the highest common factor of 19 and r?
19
Suppose 3*d + 364 = -512. Let p = 692 - 257. Let l = d + p. Calculate the highest common factor of l and 13.
13
Let n(c) = 23*c - 110. Let f be n(6). What is the greatest common factor of 76 and f?
4
Let p = 230 - 69. What is the highest common divisor of p and 23?
23
Suppose -5*i + 2*i + 141 = 0. What is the highest common divisor of 188 and i?
47
Let x be ((-50)/75)/(2/(-1245) + 0). What is the highest common divisor of 20 and x?